[INFO] cloning repository https://github.com/fredrik-jansson-se/rust-advent-of-code-2016
[INFO] running `Command { std: "git" "-c" "credential.helper=" "-c" "credential.helper=/workspace/cargo-home/bin/git-credential-null" "clone" "--bare" "https://github.com/fredrik-jansson-se/rust-advent-of-code-2016" "/workspace/cache/git-repos/https%3A%2F%2Fgithub.com%2Ffredrik-jansson-se%2Frust-advent-of-code-2016", kill_on_drop: false }`
[INFO] [stderr] Cloning into bare repository '/workspace/cache/git-repos/https%3A%2F%2Fgithub.com%2Ffredrik-jansson-se%2Frust-advent-of-code-2016'...
[INFO] running `Command { std: "git" "rev-parse" "HEAD", kill_on_drop: false }`
[INFO] [stdout] e6ea8b44c2c721bc36bba43648eaa9de214dbd34
[INFO] checking fredrik-jansson-se/rust-advent-of-code-2016 against try#72f88fc4e9458f89516a0b8b0868f3718aec5b47 for pr-74989
[INFO] running `Command { std: "git" "clone" "/workspace/cache/git-repos/https%3A%2F%2Fgithub.com%2Ffredrik-jansson-se%2Frust-advent-of-code-2016" "/workspace/builds/worker-12/source", kill_on_drop: false }`
[INFO] [stderr] Cloning into '/workspace/builds/worker-12/source'...
[INFO] [stderr] done.
[INFO] validating manifest of git repo https://github.com/fredrik-jansson-se/rust-advent-of-code-2016 on toolchain 72f88fc4e9458f89516a0b8b0868f3718aec5b47
[INFO] running `Command { std: "/workspace/cargo-home/bin/cargo" "+72f88fc4e9458f89516a0b8b0868f3718aec5b47" "read-manifest" "--manifest-path" "Cargo.toml", kill_on_drop: false }`
[INFO] started tweaking git repo https://github.com/fredrik-jansson-se/rust-advent-of-code-2016
[INFO] removed path dependency astar from git repo https://github.com/fredrik-jansson-se/rust-advent-of-code-2016
[INFO] finished tweaking git repo https://github.com/fredrik-jansson-se/rust-advent-of-code-2016
[INFO] tweaked toml for git repo https://github.com/fredrik-jansson-se/rust-advent-of-code-2016 written to /workspace/builds/worker-12/source/Cargo.toml
[INFO] crate git repo https://github.com/fredrik-jansson-se/rust-advent-of-code-2016 already has a lockfile, it will not be regenerated
[INFO] running `Command { std: "/workspace/cargo-home/bin/cargo" "+72f88fc4e9458f89516a0b8b0868f3718aec5b47" "fetch" "--locked" "--manifest-path" "Cargo.toml", kill_on_drop: false }`
[INFO] [stderr] warning: dependency (astar) specified without providing a local path, Git repository, or version to use. This will be considered an error in future versions
[INFO] [stderr]     Updating crates.io index
[INFO] [stderr] error: the lock file /workspace/builds/worker-12/source/Cargo.lock needs to be updated but --locked was passed to prevent this
[INFO] [stderr] If you want to try to generate the lock file without accessing the network, use the --offline flag.
[INFO] the lockfile is outdated, regenerating it
[INFO] running `Command { std: "/workspace/cargo-home/bin/cargo" "+72f88fc4e9458f89516a0b8b0868f3718aec5b47" "generate-lockfile" "--manifest-path" "Cargo.toml" "-Zno-index-update", kill_on_drop: false }`
[INFO] running `Command { std: "/workspace/cargo-home/bin/cargo" "+72f88fc4e9458f89516a0b8b0868f3718aec5b47" "fetch" "--locked" "--manifest-path" "Cargo.toml", kill_on_drop: false }`
[INFO] [stderr] warning: dependency (astar) specified without providing a local path, Git repository, or version to use. This will be considered an error in future versions
[INFO] [stderr]  Downloading crates ...
[INFO] [stderr]   Downloaded typed-arena v1.2.0
[INFO] [stderr]   Downloaded permutate v0.3.2
[INFO] [stderr]   Downloaded astar v4.0.0
[INFO] running `Command { std: "docker" "create" "-v" "/var/lib/crater-agent-workspace/builds/worker-12/target:/opt/rustwide/target:rw,Z" "-v" "/var/lib/crater-agent-workspace/builds/worker-12/source:/opt/rustwide/workdir:ro,Z" "-v" "/var/lib/crater-agent-workspace/cargo-home:/opt/rustwide/cargo-home:ro,Z" "-v" "/var/lib/crater-agent-workspace/rustup-home:/opt/rustwide/rustup-home:ro,Z" "-e" "SOURCE_DIR=/opt/rustwide/workdir" "-e" "CARGO_TARGET_DIR=/opt/rustwide/target" "-e" "CARGO_HOME=/opt/rustwide/cargo-home" "-e" "RUSTUP_HOME=/opt/rustwide/rustup-home" "-w" "/opt/rustwide/workdir" "-m" "1610612736" "--user" "0:0" "--network" "none" "rustops/crates-build-env@sha256:d92eaeed33fa75130ca1ee6c8a01d1ffb62bac859dfdfb3450e3e5d1c0146529" "/opt/rustwide/cargo-home/bin/cargo" "+72f88fc4e9458f89516a0b8b0868f3718aec5b47" "metadata" "--no-deps" "--format-version=1", kill_on_drop: false }`
[INFO] [stdout] 8a2d8edfb1f14ce7835ee88a520fa1ee4845daf70ddadbb327c0adf1a44b1d8e
[INFO] [stderr] WARNING: Your kernel does not support swap limit capabilities or the cgroup is not mounted. Memory limited without swap.
[INFO] running `Command { std: "docker" "start" "-a" "8a2d8edfb1f14ce7835ee88a520fa1ee4845daf70ddadbb327c0adf1a44b1d8e", kill_on_drop: false }`
[INFO] running `Command { std: "docker" "inspect" "8a2d8edfb1f14ce7835ee88a520fa1ee4845daf70ddadbb327c0adf1a44b1d8e", kill_on_drop: false }`
[INFO] running `Command { std: "docker" "rm" "-f" "8a2d8edfb1f14ce7835ee88a520fa1ee4845daf70ddadbb327c0adf1a44b1d8e", kill_on_drop: false }`
[INFO] [stdout] 8a2d8edfb1f14ce7835ee88a520fa1ee4845daf70ddadbb327c0adf1a44b1d8e
[INFO] running `Command { std: "docker" "create" "-v" "/var/lib/crater-agent-workspace/builds/worker-12/target:/opt/rustwide/target:rw,Z" "-v" "/var/lib/crater-agent-workspace/builds/worker-12/source:/opt/rustwide/workdir:ro,Z" "-v" "/var/lib/crater-agent-workspace/cargo-home:/opt/rustwide/cargo-home:ro,Z" "-v" "/var/lib/crater-agent-workspace/rustup-home:/opt/rustwide/rustup-home:ro,Z" "-e" "SOURCE_DIR=/opt/rustwide/workdir" "-e" "CARGO_TARGET_DIR=/opt/rustwide/target" "-e" "CARGO_INCREMENTAL=0" "-e" "RUST_BACKTRACE=full" "-e" "RUSTFLAGS=--cap-lints=forbid" "-e" "CARGO_HOME=/opt/rustwide/cargo-home" "-e" "RUSTUP_HOME=/opt/rustwide/rustup-home" "-w" "/opt/rustwide/workdir" "-m" "1610612736" "--user" "0:0" "--network" "none" "rustops/crates-build-env@sha256:d92eaeed33fa75130ca1ee6c8a01d1ffb62bac859dfdfb3450e3e5d1c0146529" "/opt/rustwide/cargo-home/bin/cargo" "+72f88fc4e9458f89516a0b8b0868f3718aec5b47" "check" "--frozen" "--all" "--all-targets" "--message-format=json", kill_on_drop: false }`
[INFO] [stdout] 04165d602224944688ea4a9d641191e9b74d0392c3f0ae145f7ed72fbec3da85
[INFO] [stderr] WARNING: Your kernel does not support swap limit capabilities or the cgroup is not mounted. Memory limited without swap.
[INFO] running `Command { std: "docker" "start" "-a" "04165d602224944688ea4a9d641191e9b74d0392c3f0ae145f7ed72fbec3da85", kill_on_drop: false }`
[INFO] [stderr] warning: dependency (astar) specified without providing a local path, Git repository, or version to use. This will be considered an error in future versions
[INFO] [stderr]    Compiling autocfg v1.0.1
[INFO] [stderr]    Compiling memchr v2.3.3
[INFO] [stderr]     Checking lazy_static v1.4.0
[INFO] [stderr]     Checking typed-arena v1.2.0
[INFO] [stderr]     Checking regex-syntax v0.6.18
[INFO] [stderr]     Checking permutate v0.3.2
[INFO] [stderr]     Checking thread_local v1.0.1
[INFO] [stderr]    Compiling num-traits v0.2.12
[INFO] [stderr]     Checking aho-corasick v0.7.13
[INFO] [stderr]     Checking combine v4.3.2
[INFO] [stderr]     Checking num-traits v0.1.43
[INFO] [stderr]     Checking astar v4.0.0
[INFO] [stderr]     Checking regex v1.3.9
[INFO] [stderr]     Checking advent_of_code2016 v0.1.0 (/opt/rustwide/workdir)
[INFO] [stdout] error[E0405]: cannot find trait `AStar` in this scope
[INFO] [stdout]   --> src/day13.rs:81:6
[INFO] [stdout]    |
[INFO] [stdout] 81 | impl AStar<Coord> for CoordAStar {
[INFO] [stdout]    |      ^^^^^ not found in this scope
[INFO] [stdout] 
[INFO] [stdout] 
[INFO] [stdout] error[E0405]: cannot find trait `AStar` in this scope
[INFO] [stdout]   --> src/day24.rs:62:6
[INFO] [stdout]    |
[INFO] [stdout] 62 | impl AStar<Coord> for World {
[INFO] [stdout]    |      ^^^^^ not found in this scope
[INFO] [stdout] 
[INFO] [stdout] 
[INFO] [stdout] warning: unused import: `astar::*`
[INFO] [stdout]  --> src/day13.rs:2:5
[INFO] [stdout]   |
[INFO] [stdout] 2 | use astar::*;
[INFO] [stdout]   |     ^^^^^^^^
[INFO] [stdout]   |
[INFO] [stdout]   = note: `#[warn(unused_imports)]` on by default
[INFO] [stdout] 
[INFO] [stdout] 
[INFO] [stdout] warning: unused import: `astar::*`
[INFO] [stdout]  --> src/day24.rs:1:5
[INFO] [stdout]   |
[INFO] [stdout] 1 | use astar::*;
[INFO] [stdout]   |     ^^^^^^^^
[INFO] [stdout] 
[INFO] [stdout] 
[INFO] [stdout] error: aborting due to 2 previous errors; 2 warnings emitted
[INFO] [stdout] 
[INFO] [stdout] 
[INFO] [stdout] For more information about this error, try `rustc --explain E0405`.
[INFO] [stdout] 
[INFO] [stderr] error: could not compile `advent_of_code2016`.
[INFO] [stderr] 
[INFO] [stderr] To learn more, run the command again with --verbose.
[INFO] [stderr] warning: build failed, waiting for other jobs to finish...
[INFO] [stdout] error[E0405]: cannot find trait `AStar` in this scope
[INFO] [stdout]   --> src/day13.rs:81:6
[INFO] [stdout]    |
[INFO] [stdout] 81 | impl AStar<Coord> for CoordAStar {
[INFO] [stdout]    |      ^^^^^ not found in this scope
[INFO] [stdout] 
[INFO] [stdout] 
[INFO] [stdout] error[E0405]: cannot find trait `AStar` in this scope
[INFO] [stdout]   --> src/day24.rs:62:6
[INFO] [stdout]    |
[INFO] [stdout] 62 | impl AStar<Coord> for World {
[INFO] [stdout]    |      ^^^^^ not found in this scope
[INFO] [stdout] 
[INFO] [stdout] 
[INFO] [stdout] warning: unused import: `super::*`
[INFO] [stdout]   --> src/day11.rs:44:9
[INFO] [stdout]    |
[INFO] [stdout] 44 |     use super::*;
[INFO] [stdout]    |         ^^^^^^^^
[INFO] [stdout]    |
[INFO] [stdout]    = note: `#[warn(unused_imports)]` on by default
[INFO] [stdout] 
[INFO] [stdout] 
[INFO] [stdout] warning: unused import: `astar::*`
[INFO] [stdout]  --> src/day13.rs:2:5
[INFO] [stdout]   |
[INFO] [stdout] 2 | use astar::*;
[INFO] [stdout]   |     ^^^^^^^^
[INFO] [stdout] 
[INFO] [stdout] 
[INFO] [stdout] warning: unused import: `astar::*`
[INFO] [stdout]  --> src/day24.rs:1:5
[INFO] [stdout]   |
[INFO] [stdout] 1 | use astar::*;
[INFO] [stdout]   |     ^^^^^^^^
[INFO] [stdout] 
[INFO] [stdout] 
[INFO] [stdout] error: aborting due to 2 previous errors; 3 warnings emitted
[INFO] [stdout] 
[INFO] [stdout] 
[INFO] [stdout] For more information about this error, try `rustc --explain E0405`.
[INFO] [stdout] 
[INFO] [stderr] error: build failed
[INFO] running `Command { std: "docker" "inspect" "04165d602224944688ea4a9d641191e9b74d0392c3f0ae145f7ed72fbec3da85", kill_on_drop: false }`
[INFO] running `Command { std: "docker" "rm" "-f" "04165d602224944688ea4a9d641191e9b74d0392c3f0ae145f7ed72fbec3da85", kill_on_drop: false }`
[INFO] [stdout] 04165d602224944688ea4a9d641191e9b74d0392c3f0ae145f7ed72fbec3da85
